is the remainder when 94096 is divided by 5?
1
Calculate the remainder when 161 is divided by 65.
31
What is the remainder when 31794 is divided by 775?
19
What is the remainder when 2112 is divided by 101?
92
What is the remainder when 72159 is divided by 114?
111
Calculate the remainder when 30418 is divided by 7193.
1646
Calculate the remainder when 401242 is divided by 3262.
16
Calculate the remainder when 19522 is divided by 19375.
147
What is the remainder when 1429332 is divided by 45?
42
Calculate the remainder when 89688 is divided by 1095.
993
What is the remainder when 349 is divided by 106?
31
What is the remainder when 3516 is divided by 359?
285
What is the remainder when 15382245 is divided by 152?
149
Calculate the remainder when 21298 is divided by 21281.
17
What is the remainder when 1520645 is divided by 1789?
1784
Calculate the remainder when 76847 is divided by 224.
15
Calculate the remainder when 14079 is divided by 287.
16
Calculate the remainder when 147265 is divided by 10.
5
Calculate the remainder when 3826357 is divided by 331.
328
Calculate the remainder when 93628 is divided by 22.
18
Calculate the remainder when 18492 is divided by 3697.
7
What is the remainder when 5618 is divided by 2698?
222
What is the remainder when 26898 is divided by 234?
222
Calculate the remainder when 1060 is divided by 6.
4
Calculate the remainder when 27489 is divided by 9160.
9
Calculate the remainder when 336103 is divided by 77.
75
Calculate the remainder when 2103 is divided by 51.
12
Calculate the remainder when 503474 is divided by 659.
657
What is the remainder when 89946 is divided by 4283?
3
Calculate the remainder when 3271 is divided by 645.
46
What is the remainder when 2246399 is divided by 192?
191
What is the remainder when 35271 is divided by 159?
132
What is the remainder when 26252 is divided by 22?
6
Calculate the remainder when 27619 is divided by 1031.
813
What is the remainder when 327009 is divided by 476?
473
Calculate the remainder when 6127 is divided by 2032.
31
What is the remainder when 289345 is divided by 727?
726
What is the remainder when 282 is divided by 167?
115
Calculate the remainder when 193711 is divided by 193710.
1
What is the remainder when 163750 is divided by 163743?
7
What is the remainder when 3094 is divided by 97?
87
Calculate the remainder when 96934 is divided by 466.
6
What is the remainder when 861581 is divided by 213?
209
What is the remainder when 34095 is divided by 97?
48
Calculate the remainder when 434 is divided by 135.
29
What is the remainder when 23147 is divided by 439?
319
Calculate the remainder when 5796 is divided by 82.
56
What is the remainder when 2289 is divided by 2034?
255
Calculate the remainder when 16669 is divided by 843.
652
Calculate the remainder when 28569 is divided by 2592.
57
What is the remainder when 18557 is divided by 4637?
9
Calculate the remainder when 278099 is divided by 456.
395
What is the remainder when 68457 is divided by 436?
5
Calculate the remainder when 226168 is divided by 21.
19
What is the remainder when 10486 is divided by 8?
6
What is the remainder when 97203 is divided by 6070?
83
What is the remainder when 2779 is divided by 56?
35
Calculate the remainder when 14328 is divided by 4727.
147
Calculate the remainder when 10241 is divided by 1022.
21
What is the remainder when 33908 is divided by 6?
2
Calculate the remainder when 40654 is divided by 33.
31
Calculate the remainder when 378168 is divided by 26.
24
Calculate the remainder when 335627 is divided by 88.
83
Calculate the remainder when 6070066 is divided by 12.
10
Calculate the remainder when 3680 is divided by 634.
510
What is the remainder when 1632147 is divided by 42951?
9
What is the remainder when 1794 is divided by 32?
2
Calculate the remainder when 528 is divided by 16.
0
Calculate the remainder when 8787 is divided by 982.
931
What is the remainder when 1470 is divided by 625?
220
Calculate the remainder when 16769 is divided by 389.
42
What is the remainder when 8198 is divided by 273?
8
What is the remainder when 510065 is divided by 128?
113
Calculate the remainder when 188217 is divided by 10.
7
What is the remainder when 4512 is divided by 215?
212
What is the remainder when 272798 is divided by 4?
2
Calculate the remainder when 2353 is divided by 99.
76
Calculate the remainder when 2994635 is divided by 913.
908
What is the remainder when 360358 is divided by 182?
180
Calculate the remainder when 326934 is divided by 193.
185
Calculate the remainder when 34544 is divided by 17259.
26
What is the remainder when 633 is divided by 123?
18
Calculate the remainder when 90973 is divided by 35.
8
Calculate the remainder when 12342 is divided by 6152.
38
What is the remainder when 1393820 is divided by 96?
92
Calculate the remainder when 118309 is divided by 186.
13
Calculate the remainder when 118041 is divided by 59017.
7
Calculate the remainder when 43492 is divided by 21725.
42
Calculate the remainder when 17692 is divided by 178.
70
Calculate the remainder when 19587 is divided by 19.
17
Calculate the remainder when 18350 is divided by 434.
122
Calculate the remainder when 3224 is divided by 414.
326
Calculate the remainder when 20722 is divided by 49.
44
Calculate the remainder when 24723 is divided by 215.
213
Calculate the remainder when 3979 is divided by 206.
65
What is the remainder when 1634147 is divided by 29?
26
Calculate the remainder when 8673 is divided by 1266.
1077
Calculate the remainder when 22451 is divided by 7479.
14
What is the remainder when 3165 is divided by 1333?
499
What is the remainder when 1449 is divided by 44?
41
Calculate the remainder when 22010 is divided by 3661.
44
Calculate the remainder when 6026 is divided by 1994.
44
Calculate the remainder when 7346 is divided by 50.
46
What is the remainder when 54480 is divided by 389?
20
Calculate the remainder when 801131 is divided by 855.
851
What is the remainder when 116542 is divided by 9711?
10
Calculate the remainder when 2123 is divided by 1051.
21
Calculate the remainder when 253874 is divided by 59.
56
What is the remainder when 602251 is divided by 551?
8
What is the remainder when 390383 is divided by 7967?
0
What is the remainder when 495673 is divided by 25?
23
Calculate the remainder when 1607 is divided by 1245.
362
What is the remainder when 1051 is divided by 204?
31
Calculate the remainder when 77654 is divided by 5971.
31
Calculate the remainder when 3907 is divided by 539.
134
Calculate the remainder when 2420 is divided by 184.
28
What is the remainder when 14378 is divided by 123?
110
Calculate the remainder when 655 is divided by 162.
7
Calculate the remainder when 88678 is divided by 268.
238
What is the remainder when 6406 is divided by 159?
46
What is the remainder when 154413 is divided by 89?
87
What is the remainder when 506 is divided by 399?
107
What is the remainder when 57892 is divided by 19287?
31
Calculate the remainder when 10809 is divided by 3348.
765
Calculate the remainder when 1329124 is divided by 89.
87
Calculate the remainder when 3975 is divided by 395.
25
What is the remainder when 123434 is divided by 98?
52
What is the remainder when 377 is divided by 84?
41
Calculate the remainder when 66768 is divided by 45.
33
What is the remainder when 11204 is divided by 233?
20
Calculate the remainder when 657822 is divided by 851.
850
What is the remainder when 1304124 is divided by 36?
24
What is the remainder when 2373 is divided by 600?
573
Calculate the remainder when 16206 is divided by 262.
224
Calculate the remainder when 25204 is divided by 110.
14
Calculate the remainder when 55456 is divided by 3.
1
Calculate the remainder when 69917 is divided by 34942.
33
What is the remainder when 16024 is divided by 15936?
88
Calculate the remainder when 6500 is divided by 6486.
14
What is the remainder when 1494 is divided by 1366?
128
What is the remainder when 647566 is divided by 1197?
1186
What is the remainder when 56504 is divided by 56495?
9
Calculate the remainder when 581271 is divided by 129.
126
Calculate the remainder when 29115 is divided by 2238.
21
What is the remainder when 2736 is divided by 88?
8
What is the remainder whe